[INFO] cloning repository https://github.com/vedranvinko/oscar
[INFO] running `Command { std: "git" "-c" "credential.helper=" "-c" "credential.helper=/workspace/cargo-home/bin/git-credential-null" "clone" "--bare" "https://github.com/vedranvinko/oscar" "/workspace/cache/git-repos/https%3A%2F%2Fgithub.com%2Fvedranvinko%2Foscar", kill_on_drop: false }`
[INFO] [stderr] Cloning into bare repository '/workspace/cache/git-repos/https%3A%2F%2Fgithub.com%2Fvedranvinko%2Foscar'...
[INFO] running `Command { std: "git" "rev-parse" "HEAD", kill_on_drop: false }`
[INFO] [stdout] 580f1c03d30f09afd9a3056db7eae2b13b492d46
[INFO] checking vedranvinko/oscar against master#af3c6e733a40e671550e0f0f5aeecaa13772ba56 for pr-74989
[INFO] running `Command { std: "git" "clone" "/workspace/cache/git-repos/https%3A%2F%2Fgithub.com%2Fvedranvinko%2Foscar" "/workspace/builds/worker-0/source", kill_on_drop: false }`
[INFO] [stderr] Cloning into '/workspace/builds/worker-0/source'...
[INFO] [stderr] done.
[INFO] validating manifest of git repo https://github.com/vedranvinko/oscar on toolchain af3c6e733a40e671550e0f0f5aeecaa13772ba56
[INFO] running `Command { std: "/workspace/cargo-home/bin/cargo" "+af3c6e733a40e671550e0f0f5aeecaa13772ba56" "read-manifest" "--manifest-path" "Cargo.toml", kill_on_drop: false }`
[INFO] started tweaking git repo https://github.com/vedranvinko/oscar
[INFO] finished tweaking git repo https://github.com/vedranvinko/oscar
[INFO] tweaked toml for git repo https://github.com/vedranvinko/oscar written to /workspace/builds/worker-0/source/Cargo.toml
[INFO] crate git repo https://github.com/vedranvinko/oscar already has a lockfile, it will not be regenerated
[INFO] running `Command { std: "/workspace/cargo-home/bin/cargo" "+af3c6e733a40e671550e0f0f5aeecaa13772ba56" "fetch" "--locked" "--manifest-path" "Cargo.toml", kill_on_drop: false }`
[INFO] running `Command { std: "docker" "create" "-v" "/var/lib/crater-agent-workspace/builds/worker-0/target:/opt/rustwide/target:rw,Z" "-v" "/var/lib/crater-agent-workspace/builds/worker-0/source:/opt/rustwide/workdir:ro,Z" "-v" "/var/lib/crater-agent-workspace/cargo-home:/opt/rustwide/cargo-home:ro,Z" "-v" "/var/lib/crater-agent-workspace/rustup-home:/opt/rustwide/rustup-home:ro,Z" "-e" "SOURCE_DIR=/opt/rustwide/workdir" "-e" "CARGO_TARGET_DIR=/opt/rustwide/target" "-e" "CARGO_HOME=/opt/rustwide/cargo-home" "-e" "RUSTUP_HOME=/opt/rustwide/rustup-home" "-w" "/opt/rustwide/workdir" "-m" "1610612736" "--user" "0:0" "--network" "none" "rustops/crates-build-env@sha256:d92eaeed33fa75130ca1ee6c8a01d1ffb62bac859dfdfb3450e3e5d1c0146529" "/opt/rustwide/cargo-home/bin/cargo" "+af3c6e733a40e671550e0f0f5aeecaa13772ba56" "metadata" "--no-deps" "--format-version=1", kill_on_drop: false }`
[INFO] [stderr] WARNING: Your kernel does not support swap limit capabilities or the cgroup is not mounted. Memory limited without swap.
[INFO] [stdout] e2a7cd9983b8b5094653c3e82aea148fd5ff3d147befa3f3c830ef41f359b3bf
[INFO] running `Command { std: "docker" "start" "-a" "e2a7cd9983b8b5094653c3e82aea148fd5ff3d147befa3f3c830ef41f359b3bf", kill_on_drop: false }`
[INFO] running `Command { std: "docker" "inspect" "e2a7cd9983b8b5094653c3e82aea148fd5ff3d147befa3f3c830ef41f359b3bf", kill_on_drop: false }`
[INFO] running `Command { std: "docker" "rm" "-f" "e2a7cd9983b8b5094653c3e82aea148fd5ff3d147befa3f3c830ef41f359b3bf", kill_on_drop: false }`
[INFO] [stdout] e2a7cd9983b8b5094653c3e82aea148fd5ff3d147befa3f3c830ef41f359b3bf
[INFO] running `Command { std: "docker" "create" "-v" "/var/lib/crater-agent-workspace/builds/worker-0/target:/opt/rustwide/target:rw,Z" "-v" "/var/lib/crater-agent-workspace/builds/worker-0/source:/opt/rustwide/workdir:ro,Z" "-v" "/var/lib/crater-agent-workspace/cargo-home:/opt/rustwide/cargo-home:ro,Z" "-v" "/var/lib/crater-agent-workspace/rustup-home:/opt/rustwide/rustup-home:ro,Z" "-e" "SOURCE_DIR=/opt/rustwide/workdir" "-e" "CARGO_TARGET_DIR=/opt/rustwide/target" "-e" "CARGO_INCREMENTAL=0" "-e" "RUST_BACKTRACE=full" "-e" "RUSTFLAGS=--cap-lints=forbid" "-e" "CARGO_HOME=/opt/rustwide/cargo-home" "-e" "RUSTUP_HOME=/opt/rustwide/rustup-home" "-w" "/opt/rustwide/workdir" "-m" "1610612736" "--user" "0:0" "--network" "none" "rustops/crates-build-env@sha256:d92eaeed33fa75130ca1ee6c8a01d1ffb62bac859dfdfb3450e3e5d1c0146529" "/opt/rustwide/cargo-home/bin/cargo" "+af3c6e733a40e671550e0f0f5aeecaa13772ba56" "check" "--frozen" "--all" "--all-targets" "--message-format=json", kill_on_drop: false }`
[INFO] [stdout] 47de0b9883f7cd424e15195efcab485d4ebfdeb8f725ad1f92bb48771ead1a2c
[INFO] [stderr] WARNING: Your kernel does not support swap limit capabilities or the cgroup is not mounted. Memory limited without swap.
[INFO] running `Command { std: "docker" "start" "-a" "47de0b9883f7cd424e15195efcab485d4ebfdeb8f725ad1f92bb48771ead1a2c", kill_on_drop: false }`
[INFO] [stderr]    Compiling libc v0.2.71
[INFO] [stderr]    Compiling syn v1.0.31
[INFO] [stderr]     Checking adler32 v1.1.0
[INFO] [stderr]     Checking addr2line v0.12.1
[INFO] [stderr]     Checking miniz_oxide v0.3.7
[INFO] [stderr]     Checking backtrace v0.3.49
[INFO] [stderr]     Checking atty v0.2.14
[INFO] [stderr]     Checking clap v2.33.1
[INFO] [stderr]     Checking error-chain v0.10.0
[INFO] [stderr]    Compiling serde_derive v1.0.112
[INFO] [stderr]     Checking serde v1.0.112
[INFO] [stderr]     Checking serde-xml-rs v0.3.1
[INFO] [stderr]     Checking oscar v0.1.0 (/opt/rustwide/workdir)
[INFO] [stdout] warning: unused import: `serde_xml_rs::from_reader`
[INFO] [stdout]  --> src/main.rs:2:5
[INFO] [stdout]   |
[INFO] [stdout] 2 | use serde_xml_rs::from_reader;
[INFO] [stdout]   |     ^^^^^^^^^^^^^^^^^^^^^^^^^
[INFO] [stdout]   |
[INFO] [stdout]   = note: `#[warn(unused_imports)]` on by default
[INFO] [stdout] 
[INFO] [stdout] 
[INFO] [stdout] warning: unused import: `serde_xml_rs::from_reader`
[INFO] [stdout]  --> src/main.rs:2:5
[INFO] [stdout]   |
[INFO] [stdout] 2 | use serde_xml_rs::from_reader;
[INFO] [stdout]   |     ^^^^^^^^^^^^^^^^^^^^^^^^^
[INFO] [stdout]   |
[INFO] [stdout]   = note: `#[warn(unused_imports)]` on by default
[INFO] [stdout] 
[INFO] [stdout] 
[INFO] [stdout] error[E0277]: the `?` operator can only be used in a function that returns `Result` or `Option` (or another type that implements `Try`)
[INFO] [stdout]   --> src/main.rs:15:20
[INFO] [stdout]    |
[INFO] [stdout] 14 | / fn read_file(f: String) -> String {
[INFO] [stdout] 15 | |     let mut file = File::open(f)?;
[INFO] [stdout]    | |                    ^^^^^^^^^^^^^^ cannot use the `?` operator in a function that returns `std::string::String`
[INFO] [stdout] 16 | |     let mut content = String::new();
[INFO] [stdout] 17 | |     file.read_to_string(&mut content)?;
[INFO] [stdout] 18 | |
[INFO] [stdout] 19 | |     content
[INFO] [stdout] 20 | | }
[INFO] [stdout]    | |_- this function should return `Result` or `Option` to accept `?`
[INFO] [stdout]    |
[INFO] [stdout]    = help: the trait `Try` is not implemented for `std::string::String`
[INFO] [stdout]    = note: required by `from_error`
[INFO] [stdout] 
[INFO] [stdout] 
[INFO] [stdout] error[E0277]: the `?` operator can only be used in a function that returns `Result` or `Option` (or another type that implements `Try`)
[INFO] [stdout]   --> src/main.rs:17:5
[INFO] [stdout]    |
[INFO] [stdout] 14 | / fn read_file(f: String) -> String {
[INFO] [stdout] 15 | |     let mut file = File::open(f)?;
[INFO] [stdout] 16 | |     let mut content = String::new();
[INFO] [stdout] 17 | |     file.read_to_string(&mut content)?;
[INFO] [stdout]    | |     ^^^^^^^^^^^^^^^^^^^^^^^^^^^^^^^^^^ cannot use the `?` operator in a function that returns `std::string::String`
[INFO] [stdout] 18 | |
[INFO] [stdout] 19 | |     content
[INFO] [stdout] 20 | | }
[INFO] [stdout]    | |_- this function should return `Result` or `Option` to accept `?`
[INFO] [stdout]    |
[INFO] [stdout]    = help: the trait `Try` is not implemented for `std::string::String`
[INFO] [stdout]    = note: required by `from_error`
[INFO] [stdout] 
[INFO] [stdout] 
[INFO] [stdout] error: aborting due to 2 previous errors; 1 warning emitted
[INFO] [stdout] 
[INFO] [stdout] 
[INFO] [stdout] For more information about this error, try `rustc --explain E0277`.
[INFO] [stdout] 
[INFO] [stderr] error: could not compile `oscar`.
[INFO] [stderr] 
[INFO] [stderr] To learn more, run the command again with --verbose.
[INFO] [stderr] warning: build failed, waiting for other jobs to finish...
[INFO] [stdout] error[E0277]: the `?` operator can only be used in a function that returns `Result` or `Option` (or another type that implements `Try`)
[INFO] [stdout]   --> src/main.rs:15:20
[INFO] [stdout]    |
[INFO] [stdout] 14 | / fn read_file(f: String) -> String {
[INFO] [stdout] 15 | |     let mut file = File::open(f)?;
[INFO] [stdout]    | |                    ^^^^^^^^^^^^^^ cannot use the `?` operator in a function that returns `std::string::String`
[INFO] [stdout] 16 | |     let mut content = String::new();
[INFO] [stdout] 17 | |     file.read_to_string(&mut content)?;
[INFO] [stdout] 18 | |
[INFO] [stdout] 19 | |     content
[INFO] [stdout] 20 | | }
[INFO] [stdout]    | |_- this function should return `Result` or `Option` to accept `?`
[INFO] [stdout]    |
[INFO] [stdout]    = help: the trait `Try` is not implemented for `std::string::String`
[INFO] [stdout]    = note: required by `from_error`
[INFO] [stdout] 
[INFO] [stdout] 
[INFO] [stdout] error[E0277]: the `?` operator can only be used in a function that returns `Result` or `Option` (or another type that implements `Try`)
[INFO] [stdout]   --> src/main.rs:17:5
[INFO] [stdout]    |
[INFO] [stdout] 14 | / fn read_file(f: String) -> String {
[INFO] [stdout] 15 | |     let mut file = File::open(f)?;
[INFO] [stdout] 16 | |     let mut content = String::new();
[INFO] [stdout] 17 | |     file.read_to_string(&mut content)?;
[INFO] [stdout]    | |     ^^^^^^^^^^^^^^^^^^^^^^^^^^^^^^^^^^ cannot use the `?` operator in a function that returns `std::string::String`
[INFO] [stdout] 18 | |
[INFO] [stdout] 19 | |     content
[INFO] [stdout] 20 | | }
[INFO] [stdout]    | |_- this function should return `Result` or `Option` to accept `?`
[INFO] [stdout]    |
[INFO] [stdout]    = help: the trait `Try` is not implemented for `std::string::String`
[INFO] [stdout]    = note: required by `from_error`
[INFO] [stdout] 
[INFO] [stdout] 
[INFO] [stdout] error: aborting due to 2 previous errors; 1 warning emitted
[INFO] [stdout] 
[INFO] [stdout] 
[INFO] [stdout] For more information about this error, try `rustc --explain E0277`.
[INFO] [stdout] 
[INFO] [stderr] error: build failed
[INFO] running `Command { std: "docker" "inspect" "47de0b9883f7cd424e15195efcab485d4ebfdeb8f725ad1f92bb48771ead1a2c", kill_on_drop: false }`
[INFO] running `Command { std: "docker" "rm" "-f" "47de0b9883f7cd424e15195efcab485d4ebfdeb8f725ad1f92bb48771ead1a2c", kill_on_drop: false }`
[INFO] [stdout] 47de0b9883f7cd424e15195efcab485d4ebfdeb8f725ad1f92bb48771ead1a2c
